se 13.
-1cb
-2efb (base 16) to base 9
-17443
What is -31011 (base 4) in base 6?
-3513
What is -1ee (base 15) in base 13?
-287
15152 (base 6) to base 10
2444
-100101010111111 (base 2) to base 4
-10222333
-2635 (base 14) to base 13
-3093
What is -9a86 (base 11) in base 15?
-3e08
-234033 (base 5) to base 3
-102212010
Convert 21233 (base 4) to base 6.
2515
4371 (base 16) to base 9
25613
What is 25120 (base 8) in base 13?
4c13
4957a (base 11) to base 6
1305443
Convert -5341 (base 6) to base 10.
-1213
43271 (base 8) to base 9
26746
Convert 2101011102 (base 3) to base 11.
32163
Convert -11010002011 (base 3) to base 4.
-103301101
What is -568 (base 16) in base 13?
-826
Convert -20202220 (base 3) to base 2.
-1001101001010
Convert -2cb (base 14) to base 8.
-1073
13548 (base 12) to base 15
7d9b
What is -6095 (base 12) in base 16?
-28f1
What is 14244 (base 5) in base 13?
713
What is -ea (base 16) in base 8?
-352
What is 3366 (base 9) in base 15?
b10
What is -2b87 (base 12) in base 5?
-131033
-10532 (base 6) to base 8
-2730
Convert -4671 (base 14) to base 6.
-132415
-4598b (base 12) to base 5
-10433422
What is -7a0 (base 11) in base 3?
-1022110
Convert 111101000011 (base 2) to base 14.
15d1
What is -100010000 (base 2) in base 11?
-228
What is -4311 (base 5) in base 12?
-405
Convert -1a3 (base 13) to base 16.
-12e
What is -1992 (base 15) in base 3?
-21121002
What is -2155 (base 6) in base 13?
-2c9
Convert 22a1 (base 13) to base 4.
1023333
-10113032 (base 4) to base 15
-5465
What is 4255 (base 6) in base 8?
1713
-120 (base 15) to base 5
-2010
Convert -3870 (base 15) to base 6.
-131410
398 (base 15) to base 10
818
-197b (base 13) to base 8
-7354
3ca (base 16) to base 8
1712
Convert 40441 (base 5) to base 3.
10121002
What is cdda (base 16) in base 12?
265b6
Convert 25b (base 14) to base 13.
2a5
-17247 (base 8) to base 13
-3758
214a4 (base 13) to base 4
32223201
524 (base 15) to base 14
5cb
Convert -100204 (base 5) to base 9.
-4322
What is -423 (base 5) in base 9?
-135
Convert -5490 (base 10) to base 3.
-21112100
Convert 1240 (base 6) to base 16.
138
Convert 23130 (base 5) to base 13.
9b1
What is a021 (base 11) in base 7?
53605
-253 (base 13) to base 14
-210
What is 836 (base 14) in base 5?
22431
What is -30444 (base 5) in base 16?
-7cf
What is 11100101100 (base 2) in base 13?
ab3
26a (base 14) to base 5
3421
What is 1af1 (base 16) in base 2?
1101011110001
5984 (base 14) to base 12
9040
What is -7342 (base 9) in base 6?
-40532
11111110000010 (base 2) to base 6
203134
Convert -130012 (base 7) to base 14.
-8a79
What is 51bb (base 15) in base 10?
17276
b3e3 (base 16) to base 4
23033203
What is -88a (base 11) in base 5?
-13231
Convert 568 (base 11) to base 6.
3051
57535 (base 9) to base 11
2689a
Convert -1724 (base 8) to base 3.
-1100022
Convert -319 (base 11) to base 6.
-1435
What is -13311 (base 7) in base 2?
-111000000001
What is -1741 (base 15) in base 4?
-1032103
Convert 4310 (base 11) to base 12.
336a
34114 (base 7) to base 14
320b
-168 (base 11) to base 12
-143
What is -1935 (base 16) in base 14?
-24cd
What is 3073 (base 9) in base 2?
100011001101
What is -232230 (base 4) in base 15?
-d43
-55c (base 14) to base 16
-426
-353 (base 16) to base 15
-3bb
380 (base 11) to base 13
289
What is -2003 (base 5) in base 13?
-166
1132 (base 6) to base 3
101002
Convert -3066 (base 13) to base 12.
-3a43
What is 2422 (base 7) in base 4?
32002
What is 3c0 (base 16) in base 6?
4240
Convert 22135 (base 8) to base 11.
6aa3
-2001011 (base 3) to base 6
-10521
Convert -1202120 (base 3) to base 16.
-504
What is 357 (base 10) in base 5?
2412
What is 17500 (base 8) in base 15?
2585
Convert -10020022 (base 3) to base 8.
-4465
Convert 13a1 (base 11) to base 10.
1805
Convert 265 (base 16) to base 5.
4423
51300 (base 10) to base 3
2121101000
What is 1120112 (base 3) in base 9?
1515
Convert -2105 (base 9) to base 4.
-120020
Convert -33c (base 15) to base 10.
-732
What is 1233010 (base 5) in base 2?
101111001000010
Convert 1451 (base 14) to base 2.
111000001111
What is 3750 (base 11) in base 2?
1001100011111
What is -5872 (base 9) in base 4?
-1010012
Convert -1131222 (base 4) to base 5.
-142434
648 (base 12) to base 14
49a
107 (base 11) to base 2
10000000
-110110001000 (base 2) to base 16
-d88
What is 8618 (base 9) in base 13?
2b64
Convert 100111011000101 (base 2) to base 5.
1121130
-38b6 (base 13) to base 10
-8092
Convert 533 (base 15) to base 6.
5233
Convert 19b (base 13) to base 7.
603
Convert 2467 (base 8) to base 16.
537
Convert -311 (base 8) to base 6.
-533
-4040 (base 6) to base 10
-888
-20013 (base 4) to base 3
-201020
What is 14353 (base 8) in base 4?
1203223
-1727 (base 9) to base 7
-3565
Convert -851 (base 11) to base 3.
-1101221
Convert 93d (base 16) to base 11.
1860
What is -476 (base 14) in base 13?
-534
What is -745 (base 11) in base 8?
-1600
What is 350 (base 9) in base 15?
143
Convert -1545 (base 8) to base 5.
-11434
3124 (base 10) to base 4
300310
What is -15278 (base 9) in base 4?
-2203013
What is 1594 (base 11) in base 15?
90e
Convert -21121 (base 12) to base 8.
-124551
1323011 (base 4) to base 6
100245
What is 19a9a (base 13) in base 5?
3101101
What is -14023 (base 5) in base 11?
-945
What is 252 (base 7) in base 13?
a5
What is 12ba9 (base 14) in base 8?
132201
What is -51a (base 14) in base 6?
-4352
Convert 633 (base 13) to base 6.
4520
2263 (base 8) to base 9
1576
-1011010001010101 (base 2) to base 6
-553421
What is 1532 (base 9) in base 10?
1163
700 (base 8) to base 16
1c0
135 (base 14) to base 6
1043
-162 (base 9) to base 12
-b5
-1129 (base 11) to base 7
-4216
Convert 212101 (base 3) to base 13.
397
Convert 2a5 (base 14) to base 11.
449
Convert -2120322 (base 4) to base 7.
-40350
What is 157c (base 13) in base 2?
110001001001
-11000000101 (base 2) to base 13
-917
-833 (base 12) to base 10
-1191
What is 101110010001010 (base 2) in base 8?
56212
1022010210 (base 3) to base 6
314333
What is -64 (base 15) in base 8?
-136
Convert 10140 (base 8) to base 15.
1397
What is -113f (base 16) in base 8?
-10477
What is 2a1 (base 13) in base 10?
469
-6711 (base 8) to base 13
-17b6
What is 52a (base 16) in base 14?
6a6
What is 28fa (base 16) in base 5?
313430
What is -483 (base 12) in base 5?
-10200
Convert 3301 (base 4) to base 16.
f1
Convert 145b (base 14) to base 12.
2109
2203 (base 5) to base 10
303
-499 (base 12) to base 10
-693
What is 1313 (base 4) in base 14?
87
Convert -39e9 (base 15) to base 12.
-71a9
Convert 36511 (base 9) to base 15.
73b7
Convert -1d5 (base 16) to base 8.
-725
What is -15082 (base 9) in base 4?
-2200220
62 (base 10) to base 6
142
Convert 10111000 (base 2) to base 3.
20211
690 (base 12) to base 2
1111001100
-1173 (base 8) to base 11
-528
Convert -22104 (base 10) to base 5.
-1201404
-3550 (base 6) to base 11
-710
What is -35570 (base 10) in base 13?
-13262
Convert 1411230 (base 6) to base 8.
233002
-313141 (base 6) to base 16
-62f5
-251 (base 7) to base 6
-342
Convert -211 (base 15) to base 4.
-13102
What is -3233 (base 7) in base 4?
-101333
What is -151 (base 14) in base 8?
-413
Convert 30413 (base 6) to base 4.
333021
Convert -1111010101011001 (base 2) to base 5.
-4002214
Convert -1100100011 (base 2) to base 7.
-2225
What is -2113 (base 4) in base 13?
-b8
Convert 765 (base 13) to base 16.
4f2
Convert -104231 (base 5) to base 9.
-5051
32152 (base 6) to base 2
1000100100100
What is 10100000110 (base 2) in base 9?
1678
Convert 1706 (base 11) to base 9.
2886
Convert 47a0 (base 14) to base 6.
133452
What is 906f (base 16) in base 10?
36975
What is -10c (base 15) in base 2?
-11101101
-100111110 (base 2) to base 16
-13e
Convert 11a (base 16) to base 6.
1150
What is 1411 (base 7) in base 10?
547
Convert 17061 (base 14) to base 11.
3a3a3
What is 111210112 (base 3) in base 10?
10058
-11000011101 (base 2) to base 7
-4364
What is 454 (base 13) in base 14?
3b3
4352 (base 9) to base 13
15c8
1051 (base 13) to base 14
b79
349 (base 16) to base 12
5a1
Convert -2438 (base 10) to base 12.
-14b2
1001110111 (base 2) to base 3
212101
10010101110 (base 2) to base 3
1122101
What is 1010011011011 (base 2) in base 15?
18ae
What is 1111101 (base 2) in base 12?
a5
What is -101101111 (base 3) in base 13?
-35a7
What is 10010011100001110 (base 2) in base 13?
284c4
What is -3121